{"id":28,"date":"2022-08-24T15:44:15","date_gmt":"2022-08-24T15:44:15","guid":{"rendered":"https:\/\/ptskoskela.fi\/?page_id=28"},"modified":"2023-12-26T13:00:35","modified_gmt":"2023-12-26T11:00:35","slug":"etusivu","status":"publish","type":"page","link":"https:\/\/ptskoskela.fi\/","title":{"rendered":"Etusivu"},"content":{"rendered":"\n<div class=\"wp-block-cover alignfull is-light\" style=\"min-height:400px;aspect-ratio:unset;\"><span aria-hidden=\"true\" class=\"wp-block-cover__background has-background-dim-0 has-background-dim\"><\/span><img loading=\"lazy\" decoding=\"async\" width=\"4524\" height=\"2470\" class=\"wp-block-cover__image-background wp-image-200\" alt=\"\" src=\"https:\/\/ptskoskela.fi\/wp-content\/uploads\/2023\/11\/lumimaisemaa.png\" style=\"object-position:50% 40%\" data-object-fit=\"cover\" data-object-position=\"50% 40%\" srcset=\"https:\/\/ptskoskela.fi\/wp-content\/uploads\/2023\/11\/lumimaisemaa.png 4524w, https:\/\/ptskoskela.fi\/wp-content\/uploads\/2023\/11\/lumimaisemaa-300x164.png 300w, https:\/\/ptskoskela.fi\/wp-content\/uploads\/2023\/11\/lumimaisemaa-1024x559.png 1024w, https:\/\/ptskoskela.fi\/wp-content\/uploads\/2023\/11\/lumimaisemaa-768x419.png 768w, https:\/\/ptskoskela.fi\/wp-content\/uploads\/2023\/11\/lumimaisemaa-1536x839.png 1536w, https:\/\/ptskoskela.fi\/wp-content\/uploads\/2023\/11\/lumimaisemaa-2048x1118.png 2048w\" sizes=\"auto, (max-width: 4524px) 100vw, 4524px\" \/><div class=\"wp-block-cover__inner-container is-layout-flow wp-block-cover-is-layout-flow\">\n<h2 class=\"wp-block-heading has-text-align-center has-nv-site-bg-color has-text-color has-background has-link-color wp-elements-bb6479d36060c0636e31d90c5e4c706c\" style=\"background-color:#00000070\">PALOTURVALLISUUSSUUNNITTELU KOSKELA<\/h2>\n\n\n\n<p class=\"has-text-align-center has-nv-text-dark-bg-color has-text-color has-background has-link-color wp-elements-ea48b0a33c17d282a1ceb546250e967f\" style=\"background-color:#00000070\">Paloturvallisuussuunnittelua Pohjois-Suomessa jo yli 10 vuoden ajan.<\/p>\n<\/div><\/div>\n\n\n\n<div class=\"wp-block-cover alignfull\" style=\"min-height:600px;aspect-ratio:unset;\"><span aria-hidden=\"true\" class=\"wp-block-cover__background has-nv-light-bg-background-color has-background-dim-100 has-background-dim\"><\/span><div class=\"wp-block-cover__inner-container is-layout-flow wp-block-cover-is-layout-flow\">\n<div class=\"wp-block-group\"><div class=\"wp-block-group__inner-container is-layout-flow wp-block-group-is-layout-flow\">\n<div class=\"wp-block-columns are-vertically-aligned-center is-layout-flex wp-container-core-columns-is-layout-9d6595d7 wp-block-columns-is-layout-flex\">\n<div class=\"wp-block-column is-vertically-aligned-center is-layout-flow wp-block-column-is-layout-flow\" style=\"flex-basis:50%\">\n<figure class=\"wp-block-image size-full\"><img loading=\"lazy\" decoding=\"async\" width=\"1200\" height=\"878\" src=\"https:\/\/ptskoskela.fi\/wp-content\/uploads\/2023\/12\/ik2023-1.png\" alt=\"\" class=\"wp-image-204\" srcset=\"https:\/\/ptskoskela.fi\/wp-content\/uploads\/2023\/12\/ik2023-1.png 1200w, https:\/\/ptskoskela.fi\/wp-content\/uploads\/2023\/12\/ik2023-1-300x220.png 300w, https:\/\/ptskoskela.fi\/wp-content\/uploads\/2023\/12\/ik2023-1-1024x749.png 1024w, https:\/\/ptskoskela.fi\/wp-content\/uploads\/2023\/12\/ik2023-1-768x562.png 768w\" sizes=\"auto, (max-width: 1200px) 100vw, 1200px\" \/><\/figure>\n<\/div>\n\n\n\n<div class=\"wp-block-column is-vertically-aligned-center is-layout-flow wp-block-column-is-layout-flow\" style=\"flex-basis:50%\">\n<h3 class=\"wp-block-heading has-text-align-left has-neve-text-color-color has-text-color\">Ilkka Koskela<\/h3>\n\n\n\n<p class=\"has-text-align-left has-neve-text-color-color has-text-color\">Olen toiminut pelastusalalla vuodesta 2000 l\u00e4htien. Paloturvallisuussuunnittelua olen tehnyt yli 10 vuotta ja osallistunut  mm. rakenteellisen paloehk\u00e4isyn nykyohjeiden laadintaan. Minulla on FISE:n vaativan luokan paloturvallisuussuunnittelijan p\u00e4tevyys. Teen paloturvallisuussuunnittelua monenlaisiin kohteisiin. Ole yhteydess\u00e4 ja katsotaan, miten voin auttaa.<\/p>\n<\/div>\n<\/div>\n<\/div><\/div>\n<\/div><\/div>\n\n\n\n<div class=\"wp-block-cover alignfull\" style=\"min-height:600px;aspect-ratio:unset;\"><span aria-hidden=\"true\" class=\"wp-block-cover__background has-nv-site-bg-background-color has-background-dim-100 has-background-dim\"><\/span><div class=\"wp-block-cover__inner-container is-layout-flow wp-block-cover-is-layout-flow\">\n<div class=\"wp-block-group\"><div class=\"wp-block-group__inner-container is-layout-flow wp-block-group-is-layout-flow\">\n<div style=\"height:20px\" aria-hidden=\"true\" class=\"wp-block-spacer\"><\/div>\n\n\n\n<div class=\"wp-block-columns is-layout-flex wp-container-core-columns-is-layout-9d6595d7 wp-block-columns-is-layout-flex\">\n<div class=\"wp-block-column is-vertically-aligned-top is-layout-flow wp-block-column-is-layout-flow\" style=\"flex-basis:50%\">\n<h3 class=\"wp-block-heading has-text-align-left has-neve-text-color-color has-text-color\">Palvelut<\/h3>\n\n\n\n<ul class=\"has-neve-text-color-color has-text-color has-link-color wp-block-list wp-elements-8541108714bdf5b186bbc5dae686d916\">\n<li>Palotekniset suunnitelmat<\/li>\n\n\n\n<li>ATEX-r\u00e4j\u00e4hdyssuoja-asiakirjat<\/li>\n\n\n\n<li>Poistumisturvallisuusselvitykset<\/li>\n\n\n\n<li>Savunpoistosuunnittelu<\/li>\n\n\n\n<li>Pelastussuunnitelmat<\/li>\n\n\n\n<li>Rakentamisen aikainen valvonta ja ty\u00f6maakonsultointi<\/li>\n<\/ul>\n<\/div>\n\n\n\n<div class=\"wp-block-column is-vertically-aligned-center is-layout-flow wp-block-column-is-layout-flow\" style=\"flex-basis:50%\">\n<h3 class=\"wp-block-heading has-neve-text-color-color has-text-color has-link-color wp-elements-ffb4d92114803300ecfc5daf684745b4\">P\u00e4tevyydet<\/h3>\n\n\n\n<ul class=\"has-neve-text-color-color has-text-color has-link-color wp-block-list wp-elements-e7f0aac03cf9c5ce43cc2044142129ad\">\n<li>Ty\u00f6skentely Lapin pelastuslaitoksella v. 2000 l\u00e4htien<\/li>\n\n\n\n<li>Savonia AMK palop\u00e4\u00e4llyst\u00f6tutkinto, paloturvallisuustekniikan koulutusohjelma v. 2006<\/li>\n\n\n\n<li>Savonia AMK rakenteellisen paloehk\u00e4isyn opettaja v. 2007-2009<\/li>\n\n\n\n<li>Palotekniikkasuunnittelua v. 2010 l\u00e4htien<\/li>\n\n\n\n<li>Ty\u00f6skentely rakenteellisen paloehk\u00e4isyn ohjeiden laadintaryhmiss\u00e4<\/li>\n\n\n\n<li>FISE vaativan vaativuusluokan paloturvallisuussuunnittelija<\/li>\n<\/ul>\n<\/div>\n<\/div>\n<\/div><\/div>\n<\/div><\/div>\n\n\n<nav class=\"has-text-color has-nv-text-dark-bg-color has-background has-neve-link-color-background-color has-medium-font-size items-justified-center wp-block-navigation is-horizontal is-content-justification-center is-layout-flex wp-container-core-navigation-is-layout-499968f5 wp-block-navigation-is-layout-flex\" aria-label=\"Etusivun\"><ul class=\"wp-block-navigation__container has-text-color has-nv-text-dark-bg-color has-background has-neve-link-color-background-color has-medium-font-size items-justified-center wp-block-navigation has-medium-font-size\"><li class=\"has-medium-font-size wp-block-navigation-item wp-block-navigation-link\"><a class=\"wp-block-navigation-item__content\"  href=\"https:\/\/ptskoskela.fi\/index.php\/etusivu\/aiemmat-projektit\/\"><span class=\"wp-block-navigation-item__label\">Aiemmat projektit<\/span><\/a><\/li><li class=\"has-medium-font-size wp-block-navigation-item wp-block-navigation-link\"><a class=\"wp-block-navigation-item__content\"  href=\"https:\/\/ptskoskela.fi\/index.php\/etusivu\/contact\/\"><span class=\"wp-block-navigation-item__label\">Ota yhteytt\u00e4<\/span><\/a><\/li><\/ul><\/nav>\n\n\n<div style=\"height:100px\" aria-hidden=\"true\" class=\"wp-block-spacer\"><\/div>\n","protected":false},"excerpt":{"rendered":"","protected":false},"author":1,"featured_media":0,"parent":0,"menu_order":0,"comment_status":"closed","ping_status":"closed","template":"","meta":{"neve_meta_sidebar":"","neve_meta_container":"","neve_meta_enable_content_width":"on","neve_meta_content_width":100,"neve_meta_title_alignment":"","neve_meta_author_avatar":"","neve_post_elements_order":"","neve_meta_disable_header":"","neve_meta_disable_footer":"","neve_meta_disable_title":"on","footnotes":""},"class_list":["post-28","page","type-page","status-publish","hentry"],"_links":{"self":[{"href":"https:\/\/ptskoskela.fi\/index.php\/wp-json\/wp\/v2\/pages\/28","targetHints":{"allow":["GET"]}}],"collection":[{"href":"https:\/\/ptskoskela.fi\/index.php\/wp-json\/wp\/v2\/pages"}],"about":[{"href":"https:\/\/ptskoskela.fi\/index.php\/wp-json\/wp\/v2\/types\/page"}],"author":[{"embeddable":true,"href":"https:\/\/ptskoskela.fi\/index.php\/wp-json\/wp\/v2\/users\/1"}],"replies":[{"embeddable":true,"href":"https:\/\/ptskoskela.fi\/index.php\/wp-json\/wp\/v2\/comments?post=28"}],"version-history":[{"count":34,"href":"https:\/\/ptskoskela.fi\/index.php\/wp-json\/wp\/v2\/pages\/28\/revisions"}],"predecessor-version":[{"id":206,"href":"https:\/\/ptskoskela.fi\/index.php\/wp-json\/wp\/v2\/pages\/28\/revisions\/206"}],"wp:attachment":[{"href":"https:\/\/ptskoskela.fi\/index.php\/wp-json\/wp\/v2\/media?parent=28"}],"curies":[{"name":"wp","href":"https:\/\/api.w.org\/{rel}","templated":true}]}}